[INFO] cloning repository https://github.com/Rostepher/bfi
[INFO] running `Command { std: "git" "-c" "credential.helper=" "-c" "credential.helper=/workspace/cargo-home/bin/git-credential-null" "clone" "--bare" "https://github.com/Rostepher/bfi" "/workspace/cache/git-repos/https%3A%2F%2Fgithub.com%2FRostepher%2Fbfi", kill_on_drop: false }`
[INFO] [stderr] Cloning into bare repository '/workspace/cache/git-repos/https%3A%2F%2Fgithub.com%2FRostepher%2Fbfi'...
[INFO] running `Command { std: "git" "rev-parse" "HEAD", kill_on_drop: false }`
[INFO] [stdout] 881d0de49ae2d561b41e6ed5af6cf52232cd6189
[INFO] checking Rostepher/bfi against try#72f88fc4e9458f89516a0b8b0868f3718aec5b47 for pr-74989
[INFO] running `Command { std: "git" "clone" "/workspace/cache/git-repos/https%3A%2F%2Fgithub.com%2FRostepher%2Fbfi" "/workspace/builds/worker-8/source", kill_on_drop: false }`
[INFO] [stderr] Cloning into '/workspace/builds/worker-8/source'...
[INFO] [stderr] done.
[INFO] validating manifest of git repo https://github.com/Rostepher/bfi on toolchain 72f88fc4e9458f89516a0b8b0868f3718aec5b47
[INFO] running `Command { std: "/workspace/cargo-home/bin/cargo" "+72f88fc4e9458f89516a0b8b0868f3718aec5b47" "read-manifest" "--manifest-path" "Cargo.toml", kill_on_drop: false }`
[INFO] started tweaking git repo https://github.com/Rostepher/bfi
[INFO] finished tweaking git repo https://github.com/Rostepher/bfi
[INFO] tweaked toml for git repo https://github.com/Rostepher/bfi written to /workspace/builds/worker-8/source/Cargo.toml
[INFO] crate git repo https://github.com/Rostepher/bfi already has a lockfile, it will not be regenerated
[INFO] running `Command { std: "/workspace/cargo-home/bin/cargo" "+72f88fc4e9458f89516a0b8b0868f3718aec5b47" "fetch" "--locked" "--manifest-path" "Cargo.toml", kill_on_drop: false }`
[INFO] [stderr] error: the lock file /workspace/builds/worker-8/source/Cargo.lock needs to be updated but --locked was passed to prevent this
[INFO] [stderr] If you want to try to generate the lock file without accessing the network, use the --offline flag.
[INFO] the lockfile is outdated, regenerating it
[INFO] running `Command { std: "/workspace/cargo-home/bin/cargo" "+72f88fc4e9458f89516a0b8b0868f3718aec5b47" "generate-lockfile" "--manifest-path" "Cargo.toml" "-Zno-index-update", kill_on_drop: false }`
[INFO] running `Command { std: "/workspace/cargo-home/bin/cargo" "+72f88fc4e9458f89516a0b8b0868f3718aec5b47" "fetch" "--locked" "--manifest-path" "Cargo.toml", kill_on_drop: false }`
[INFO] running `Command { std: "docker" "create" "-v" "/var/lib/crater-agent-workspace/builds/worker-8/target:/opt/rustwide/target:rw,Z" "-v" "/var/lib/crater-agent-workspace/builds/worker-8/source:/opt/rustwide/workdir:ro,Z" "-v" "/var/lib/crater-agent-workspace/cargo-home:/opt/rustwide/cargo-home:ro,Z" "-v" "/var/lib/crater-agent-workspace/rustup-home:/opt/rustwide/rustup-home:ro,Z" "-e" "SOURCE_DIR=/opt/rustwide/workdir" "-e" "CARGO_TARGET_DIR=/opt/rustwide/target" "-e" "CARGO_HOME=/opt/rustwide/cargo-home" "-e" "RUSTUP_HOME=/opt/rustwide/rustup-home" "-w" "/opt/rustwide/workdir" "-m" "1610612736" "--user" "0:0" "--network" "none" "rustops/crates-build-env@sha256:d92eaeed33fa75130ca1ee6c8a01d1ffb62bac859dfdfb3450e3e5d1c0146529" "/opt/rustwide/cargo-home/bin/cargo" "+72f88fc4e9458f89516a0b8b0868f3718aec5b47" "metadata" "--no-deps" "--format-version=1", kill_on_drop: false }`
[INFO] [stdout] 12eb8b0de62dfa0b467515ad1b19ee220788484b03ed3827e60a54bd944a2f79
[INFO] [stderr] WARNING: Your kernel does not support swap limit capabilities or the cgroup is not mounted. Memory limited without swap.
[INFO] running `Command { std: "docker" "start" "-a" "12eb8b0de62dfa0b467515ad1b19ee220788484b03ed3827e60a54bd944a2f79", kill_on_drop: false }`
[INFO] running `Command { std: "docker" "inspect" "12eb8b0de62dfa0b467515ad1b19ee220788484b03ed3827e60a54bd944a2f79", kill_on_drop: false }`
[INFO] running `Command { std: "docker" "rm" "-f" "12eb8b0de62dfa0b467515ad1b19ee220788484b03ed3827e60a54bd944a2f79", kill_on_drop: false }`
[INFO] [stdout] 12eb8b0de62dfa0b467515ad1b19ee220788484b03ed3827e60a54bd944a2f79
[INFO] running `Command { std: "docker" "create" "-v" "/var/lib/crater-agent-workspace/builds/worker-8/target:/opt/rustwide/target:rw,Z" "-v" "/var/lib/crater-agent-workspace/builds/worker-8/source:/opt/rustwide/workdir:ro,Z" "-v" "/var/lib/crater-agent-workspace/cargo-home:/opt/rustwide/cargo-home:ro,Z" "-v" "/var/lib/crater-agent-workspace/rustup-home:/opt/rustwide/rustup-home:ro,Z" "-e" "SOURCE_DIR=/opt/rustwide/workdir" "-e" "CARGO_TARGET_DIR=/opt/rustwide/target" "-e" "CARGO_INCREMENTAL=0" "-e" "RUST_BACKTRACE=full" "-e" "RUSTFLAGS=--cap-lints=forbid" "-e" "CARGO_HOME=/opt/rustwide/cargo-home" "-e" "RUSTUP_HOME=/opt/rustwide/rustup-home" "-w" "/opt/rustwide/workdir" "-m" "1610612736" "--user" "0:0" "--network" "none" "rustops/crates-build-env@sha256:d92eaeed33fa75130ca1ee6c8a01d1ffb62bac859dfdfb3450e3e5d1c0146529" "/opt/rustwide/cargo-home/bin/cargo" "+72f88fc4e9458f89516a0b8b0868f3718aec5b47" "check" "--frozen" "--all" "--all-targets" "--message-format=json", kill_on_drop: false }`
[INFO] [stdout] d82044799bb80b85b48a14b5b772492e2ad631e208cf9df031ca37d5a28bcf36
[INFO] [stderr] WARNING: Your kernel does not support swap limit capabilities or the cgroup is not mounted. Memory limited without swap.
[INFO] running `Command { std: "docker" "start" "-a" "d82044799bb80b85b48a14b5b772492e2ad631e208cf9df031ca37d5a28bcf36", kill_on_drop: false }`
[INFO] [stderr]     Checking getopts v0.2.21
[INFO] [stderr]     Checking brainfuck v0.0.1 (/opt/rustwide/workdir)
[INFO] [stdout] error: invalid suffix `us` for integer literal
[INFO] [stdout]   --> src/eval.rs:29:17
[INFO] [stdout]    |
[INFO] [stdout] 29 |     let mut i = 0us;
[INFO] [stdout]    |                 ^^^ invalid suffix `us`
[INFO] [stdout]    |
[INFO] [stdout]    = help: the suffix must be one of the integral types (`u32`, `isize`, etc)
[INFO] [stdout] 
[INFO] [stdout] 
[INFO] [stdout] error: invalid suffix `us` for integer literal
[INFO] [stdout]   --> src/optimizer.rs:53:21
[INFO] [stdout]    |
[INFO] [stdout] 53 |         let mut i = 1us;
[INFO] [stdout]    |                     ^^^ invalid suffix `us`
[INFO] [stdout]    |
[INFO] [stdout]    = help: the suffix must be one of the integral types (`u32`, `isize`, etc)
[INFO] [stdout] 
[INFO] [stdout] 
[INFO] [stdout] error: invalid suffix `is` for integer literal
[INFO] [stdout]    --> src/optimizer.rs:304:17
[INFO] [stdout]     |
[INFO] [stdout] 304 |     let mut p = 0is;
[INFO] [stdout]     |                 ^^^ invalid suffix `is`
[INFO] [stdout]     |
[INFO] [stdout]     = help: the suffix must be one of the integral types (`u32`, `isize`, etc)
[INFO] [stdout] 
[INFO] [stdout] 
[INFO] [stdout] error: invalid suffix `us` for integer literal
[INFO] [stdout]    --> src/optimizer.rs:394:21
[INFO] [stdout]     |
[INFO] [stdout] 394 |     let mut start = 0us;
[INFO] [stdout]     |                     ^^^ invalid suffix `us`
[INFO] [stdout]     |
[INFO] [stdout]     = help: the suffix must be one of the integral types (`u32`, `isize`, etc)
[INFO] [stdout] 
[INFO] [stdout] 
[INFO] [stdout] error: invalid suffix `us` for integer literal
[INFO] [stdout]   --> src/parser.rs:15:49
[INFO] [stdout]    |
[INFO] [stdout] 15 |                 '<' => ast.push(Ir::Shift(Left, 1us)),
[INFO] [stdout]    |                                                 ^^^ invalid suffix `us`
[INFO] [stdout]    |
[INFO] [stdout]    = help: the suffix must be one of the integral types (`u32`, `isize`, etc)
[INFO] [stdout] 
[INFO] [stdout] 
[INFO] [stdout] error: invalid suffix `us` for integer literal
[INFO] [stdout]   --> src/parser.rs:16:50
[INFO] [stdout]    |
[INFO] [stdout] 16 |                 '>' => ast.push(Ir::Shift(Right, 1us)),
[INFO] [stdout]    |                                                  ^^^ invalid suffix `us`
[INFO] [stdout]    |
[INFO] [stdout]    = help: the suffix must be one of the integral types (`u32`, `isize`, etc)
[INFO] [stdout] 
[INFO] [stdout] 
[INFO] [stdout] error[E0432]: unresolved import `std::old_io`
[INFO] [stdout]   --> src/main.rs:16:10
[INFO] [stdout]    |
[INFO] [stdout] 16 | use std::old_io::File;
[INFO] [stdout]    |          ^^^^^^ could not find `old_io` in `std`
[INFO] [stdout] 
[INFO] [stdout] 
[INFO] [stdout] error[E0432]: unresolved import `std::old_io`
[INFO] [stdout]  --> src/byte_stream.rs:1:10
[INFO] [stdout]   |
[INFO] [stdout] 1 | use std::old_io::{BufferedReader, IoError, IoErrorKind};
[INFO] [stdout]   |          ^^^^^^ could not find `old_io` in `std`
[INFO] [stdout] 
[INFO] [stdout] 
[INFO] [stdout] error[E0432]: unresolved import `std::old_io`
[INFO] [stdout]  --> src/emit.rs:1:10
[INFO] [stdout]   |
[INFO] [stdout] 1 | use std::old_io::{File, IoResult};
[INFO] [stdout]   |          ^^^^^^ could not find `old_io` in `std`
[INFO] [stdout] 
[INFO] [stdout] 
[INFO] [stdout] error[E0432]: unresolved import `std::old_io`
[INFO] [stdout]  --> src/eval.rs:1:10
[INFO] [stdout]   |
[INFO] [stdout] 1 | use std::old_io::{stdin, stdout};
[INFO] [stdout]   |          ^^^^^^ could not find `old_io` in `std`
[INFO] [stdout] 
[INFO] [stdout] 
[INFO] [stdout] error[E0432]: unresolved import `std::num::SignedInt`
[INFO] [stdout]  --> src/mem.rs:1:5
[INFO] [stdout]   |
[INFO] [stdout] 1 | use std::num::SignedInt;
[INFO] [stdout]   |     ^^^^^^^^^^^^^^^^^^^ no `SignedInt` in `num`
[INFO] [stdout] 
[INFO] [stdout] 
[INFO] [stdout] error[E0432]: unresolved import `std::num::SignedInt`
[INFO] [stdout]  --> src/optimizer.rs:7:5
[INFO] [stdout]   |
[INFO] [stdout] 7 | use std::num::SignedInt;
[INFO] [stdout]   |     ^^^^^^^^^^^^^^^^^^^ no `SignedInt` in `num`
[INFO] [stdout] 
[INFO] [stdout] 
[INFO] [stdout] error: invalid suffix `us` for integer literal
[INFO] [stdout]   --> src/eval.rs:29:17
[INFO] [stdout]    |
[INFO] [stdout] 29 |     let mut i = 0us;
[INFO] [stdout]    |                 ^^^ invalid suffix `us`
[INFO] [stdout]    |
[INFO] [stdout]    = help: the suffix must be one of the integral types (`u32`, `isize`, etc)
[INFO] [stdout] 
[INFO] [stdout] 
[INFO] [stdout] error[E0405]: cannot find trait `Reader` in this scope
[INFO] [stdout]  --> src/byte_stream.rs:3:26
[INFO] [stdout]   |
[INFO] [stdout] 3 | pub struct ByteStream<R: Reader> {
[INFO] [stdout]   |                          ^^^^^^ not found in this scope
[INFO] [stdout] 
[INFO] [stdout] 
[INFO] [stdout] error: invalid suffix `us` for integer literal
[INFO] [stdout]   --> src/optimizer.rs:53:21
[INFO] [stdout]    |
[INFO] [stdout] 53 |         let mut i = 1us;
[INFO] [stdout]    |                     ^^^ invalid suffix `us`
[INFO] [stdout]    |
[INFO] [stdout]    = help: the suffix must be one of the integral types (`u32`, `isize`, etc)
[INFO] [stdout] 
[INFO] [stdout] 
[INFO] [stdout] error[E0405]: cannot find trait `Reader` in this scope
[INFO] [stdout]  --> src/byte_stream.rs:7:9
[INFO] [stdout]   |
[INFO] [stdout] 7 | impl<R: Reader> ByteStream<R> {
[INFO] [stdout]   |         ^^^^^^ not found in this scope
[INFO] [stdout] 
[INFO] [stdout] 
[INFO] [stdout] error[E0405]: cannot find trait `Reader` in this scope
[INFO] [stdout]   --> src/byte_stream.rs:21:9
[INFO] [stdout]    |
[INFO] [stdout] 21 | impl<R: Reader> Iterator for ByteStream<R> {
[INFO] [stdout]    |         ^^^^^^ not found in this scope
[INFO] [stdout] 
[INFO] [stdout] 
[INFO] [stdout] error[E0433]: failed to resolve: use of undeclared type or module `Path`
[INFO] [stdout]   --> src/emit.rs:16:40
[INFO] [stdout]    |
[INFO] [stdout] 16 |     let mut file = match File::create(&Path::new(ir_file_name)) {
[INFO] [stdout]    |                                        ^^^^ not found in this scope
[INFO] [stdout]    |
[INFO] [stdout] help: consider importing this struct
[INFO] [stdout]    |
[INFO] [stdout] 1  | use std::path::Path;
[INFO] [stdout]    |
[INFO] [stdout] 
[INFO] [stdout] 
[INFO] [stdout] error: invalid suffix `is` for integer literal
[INFO] [stdout]    --> src/optimizer.rs:304:17
[INFO] [stdout]     |
[INFO] [stdout] 304 |     let mut p = 0is;
[INFO] [stdout]     |                 ^^^ invalid suffix `is`
[INFO] [stdout]     |
[INFO] [stdout]     = help: the suffix must be one of the integral types (`u32`, `isize`, etc)
[INFO] [stdout] 
[INFO] [stdout] 
[INFO] [stdout] error[E0433]: failed to resolve: use of undeclared type or module `Path`
[INFO] [stdout]   --> src/emit.rs:30:40
[INFO] [stdout]    |
[INFO] [stdout] 30 |     let mut file = match File::create(&Path::new(c_file_name)) {
[INFO] [stdout]    |                                        ^^^^ not found in this scope
[INFO] [stdout]    |
[INFO] [stdout] help: consider importing this struct
[INFO] [stdout]    |
[INFO] [stdout] 1  | use std::path::Path;
[INFO] [stdout]    |
[INFO] [stdout] 
[INFO] [stdout] 
[INFO] [stdout] error[E0433]: failed to resolve: use of undeclared type or module `Path`
[INFO] [stdout]   --> src/emit.rs:88:40
[INFO] [stdout]    |
[INFO] [stdout] 88 |     let mut file = match File::create(&Path::new(rs_file_name)) {
[INFO] [stdout]    |                                        ^^^^ not found in this scope
[INFO] [stdout]    |
[INFO] [stdout] help: consider importing this struct
[INFO] [stdout]    |
[INFO] [stdout] 1  | use std::path::Path;
[INFO] [stdout]    |
[INFO] [stdout] 
[INFO] [stdout] 
[INFO] [stdout] error[E0405]: cannot find trait `Reader` in this scope
[INFO] [stdout]  --> src/parser.rs:6:17
[INFO] [stdout]   |
[INFO] [stdout] 6 | pub fn parse<R: Reader>(byte_stream: &mut ByteStream<R>) -> Ast {
[INFO] [stdout]   |                 ^^^^^^ not found in this scope
[INFO] [stdout] 
[INFO] [stdout] 
[INFO] [stdout] error[E0425]: cannot find function `args` in module `std::os`
[INFO] [stdout]   --> src/main.rs:47:25
[INFO] [stdout]    |
[INFO] [stdout] 47 |     let args = std::os::args();
[INFO] [stdout]    |                         ^^^^ not found in `std::os`
[INFO] [stdout]    |
[INFO] [stdout] help: consider importing this function
[INFO] [stdout]    |
[INFO] [stdout] 14 | use std::env::args;
[INFO] [stdout]    |
[INFO] [stdout] 
[INFO] [stdout] 
[INFO] [stdout] error: invalid suffix `us` for integer literal
[INFO] [stdout]    --> src/optimizer.rs:394:21
[INFO] [stdout]     |
[INFO] [stdout] 394 |     let mut start = 0us;
[INFO] [stdout]     |                     ^^^ invalid suffix `us`
[INFO] [stdout]     |
[INFO] [stdout]     = help: the suffix must be one of the integral types (`u32`, `isize`, etc)
[INFO] [stdout] 
[INFO] [stdout] 
[INFO] [stdout] error[E0433]: failed to resolve: use of undeclared type or module `Path`
[INFO] [stdout]    --> src/main.rs:111:33
[INFO] [stdout]     |
[INFO] [stdout] 111 |     let ast = match File::open(&Path::new(&file_name)) {
[INFO] [stdout]     |                                 ^^^^ not found in this scope
[INFO] [stdout]     |
[INFO] [stdout] help: consider importing this struct
[INFO] [stdout]     |
[INFO] [stdout] 14  | use std::path::Path;
[INFO] [stdout]     |
[INFO] [stdout] 
[INFO] [stdout] 
[INFO] [stdout] error: invalid suffix `us` for integer literal
[INFO] [stdout]   --> src/parser.rs:15:49
[INFO] [stdout]    |
[INFO] [stdout] 15 |                 '<' => ast.push(Ir::Shift(Left, 1us)),
[INFO] [stdout]    |                                                 ^^^ invalid suffix `us`
[INFO] [stdout]    |
[INFO] [stdout]    = help: the suffix must be one of the integral types (`u32`, `isize`, etc)
[INFO] [stdout] 
[INFO] [stdout] 
[INFO] [stdout] error: invalid suffix `us` for integer literal
[INFO] [stdout]   --> src/parser.rs:16:50
[INFO] [stdout]    |
[INFO] [stdout] 16 |                 '>' => ast.push(Ir::Shift(Right, 1us)),
[INFO] [stdout]    |                                                  ^^^ invalid suffix `us`
[INFO] [stdout]    |
[INFO] [stdout]    = help: the suffix must be one of the integral types (`u32`, `isize`, etc)
[INFO] [stdout] 
[INFO] [stdout] 
[INFO] [stdout] error: aborting due to 21 previous errors
[INFO] [stdout] 
[INFO] [stdout] 
[INFO] [stdout] Some errors have detailed explanations: E0405, E0425, E0432, E0433.
[INFO] [stdout] 
[INFO] [stdout] For more information about an error, try `rustc --explain E0405`.
[INFO] [stdout] 
[INFO] [stderr] error: could not compile `brainfuck`.
[INFO] [stdout] error[E0432]: unresolved import `std::old_io`
[INFO] [stdout]   --> src/main.rs:16:10
[INFO] [stdout]    |
[INFO] [stdout] 16 | use std::old_io::File;
[INFO] [stdout]    |          ^^^^^^ could not find `old_io` in `std`
[INFO] [stdout] 
[INFO] [stdout] 
[INFO] [stderr] 
[INFO] [stdout] error[E0432]: unresolved import `std::old_io`
[INFO] [stdout]  --> src/byte_stream.rs:1:10
[INFO] [stdout]   |
[INFO] [stdout] 1 | use std::old_io::{BufferedReader, IoError, IoErrorKind};
[INFO] [stdout]   |          ^^^^^^ could not find `old_io` in `std`
[INFO] [stdout] 
[INFO] [stdout] 
[INFO] [stderr] To learn more, run the command again with --verbose.
[INFO] [stdout] error[E0432]: unresolved import `std::old_io`
[INFO] [stdout]  --> src/emit.rs:1:10
[INFO] [stdout]   |
[INFO] [stdout] 1 | use std::old_io::{File, IoResult};
[INFO] [stdout]   |          ^^^^^^ could not find `old_io` in `std`
[INFO] [stdout] 
[INFO] [stdout] 
[INFO] [stderr] warning: build failed, waiting for other jobs to finish...
[INFO] [stdout] error[E0432]: unresolved import `std::old_io`
[INFO] [stdout]  --> src/eval.rs:1:10
[INFO] [stdout]   |
[INFO] [stdout] 1 | use std::old_io::{stdin, stdout};
[INFO] [stdout]   |          ^^^^^^ could not find `old_io` in `std`
[INFO] [stdout] 
[INFO] [stdout] 
[INFO] [stdout] error[E0432]: unresolved import `std::num::SignedInt`
[INFO] [stdout]  --> src/mem.rs:1:5
[INFO] [stdout]   |
[INFO] [stdout] 1 | use std::num::SignedInt;
[INFO] [stdout]   |     ^^^^^^^^^^^^^^^^^^^ no `SignedInt` in `num`
[INFO] [stdout] 
[INFO] [stdout] 
[INFO] [stdout] error[E0432]: unresolved import `std::num::SignedInt`
[INFO] [stdout]  --> src/optimizer.rs:7:5
[INFO] [stdout]   |
[INFO] [stdout] 7 | use std::num::SignedInt;
[INFO] [stdout]   |     ^^^^^^^^^^^^^^^^^^^ no `SignedInt` in `num`
[INFO] [stdout] 
[INFO] [stdout] 
[INFO] [stdout] error[E0405]: cannot find trait `Reader` in this scope
[INFO] [stdout]  --> src/byte_stream.rs:3:26
[INFO] [stdout]   |
[INFO] [stdout] 3 | pub struct ByteStream<R: Reader> {
[INFO] [stdout]   |                          ^^^^^^ not found in this scope
[INFO] [stdout] 
[INFO] [stdout] 
[INFO] [stdout] error[E0405]: cannot find trait `Reader` in this scope
[INFO] [stdout]  --> src/byte_stream.rs:7:9
[INFO] [stdout]   |
[INFO] [stdout] 7 | impl<R: Reader> ByteStream<R> {
[INFO] [stdout]   |         ^^^^^^ not found in this scope
[INFO] [stdout] 
[INFO] [stdout] 
[INFO] [stdout] error[E0405]: cannot find trait `Reader` in this scope
[INFO] [stdout]   --> src/byte_stream.rs:21:9
[INFO] [stdout]    |
[INFO] [stdout] 21 | impl<R: Reader> Iterator for ByteStream<R> {
[INFO] [stdout]    |         ^^^^^^ not found in this scope
[INFO] [stdout] 
[INFO] [stdout] 
[INFO] [stdout] error[E0433]: failed to resolve: use of undeclared type or module `Path`
[INFO] [stdout]   --> src/emit.rs:16:40
[INFO] [stdout]    |
[INFO] [stdout] 16 |     let mut file = match File::create(&Path::new(ir_file_name)) {
[INFO] [stdout]    |                                        ^^^^ not found in this scope
[INFO] [stdout]    |
[INFO] [stdout] help: consider importing this struct
[INFO] [stdout]    |
[INFO] [stdout] 1  | use std::path::Path;
[INFO] [stdout]    |
[INFO] [stdout] 
[INFO] [stdout] 
[INFO] [stdout] error[E0433]: failed to resolve: use of undeclared type or module `Path`
[INFO] [stdout]   --> src/emit.rs:30:40
[INFO] [stdout]    |
[INFO] [stdout] 30 |     let mut file = match File::create(&Path::new(c_file_name)) {
[INFO] [stdout]    |                                        ^^^^ not found in this scope
[INFO] [stdout]    |
[INFO] [stdout] help: consider importing this struct
[INFO] [stdout]    |
[INFO] [stdout] 1  | use std::path::Path;
[INFO] [stdout]    |
[INFO] [stdout] 
[INFO] [stdout] 
[INFO] [stdout] error[E0433]: failed to resolve: use of undeclared type or module `Path`
[INFO] [stdout]   --> src/emit.rs:88:40
[INFO] [stdout]    |
[INFO] [stdout] 88 |     let mut file = match File::create(&Path::new(rs_file_name)) {
[INFO] [stdout]    |                                        ^^^^ not found in this scope
[INFO] [stdout]    |
[INFO] [stdout] help: consider importing this struct
[INFO] [stdout]    |
[INFO] [stdout] 1  | use std::path::Path;
[INFO] [stdout]    |
[INFO] [stdout] 
[INFO] [stdout] 
[INFO] [stdout] error[E0405]: cannot find trait `Reader` in this scope
[INFO] [stdout]  --> src/parser.rs:6:17
[INFO] [stdout]   |
[INFO] [stdout] 6 | pub fn parse<R: Reader>(byte_stream: &mut ByteStream<R>) -> Ast {
[INFO] [stdout]   |                 ^^^^^^ not found in this scope
[INFO] [stdout] 
[INFO] [stdout] 
[INFO] [stdout] error[E0425]: cannot find function `args` in module `std::os`
[INFO] [stdout]   --> src/main.rs:47:25
[INFO] [stdout]    |
[INFO] [stdout] 47 |     let args = std::os::args();
[INFO] [stdout]    |                         ^^^^ not found in `std::os`
[INFO] [stdout]    |
[INFO] [stdout] help: consider importing this function
[INFO] [stdout]    |
[INFO] [stdout] 14 | use std::env::args;
[INFO] [stdout]    |
[INFO] [stdout] 
[INFO] [stdout] 
[INFO] [stdout] error[E0433]: failed to resolve: use of undeclared type or module `Path`
[INFO] [stdout]    --> src/main.rs:111:33
[INFO] [stdout]     |
[INFO] [stdout] 111 |     let ast = match File::open(&Path::new(&file_name)) {
[INFO] [stdout]     |                                 ^^^^ not found in this scope
[INFO] [stdout]     |
[INFO] [stdout] help: consider importing this struct
[INFO] [stdout]     |
[INFO] [stdout] 14  | use std::path::Path;
[INFO] [stdout]     |
[INFO] [stdout] 
[INFO] [stdout] 
[INFO] [stdout] error: aborting due to 21 previous errors
[INFO] [stdout] 
[INFO] [stdout] 
[INFO] [stdout] Some errors have detailed explanations: E0405, E0425, E0432, E0433.
[INFO] [stdout] 
[INFO] [stdout] For more information about an error, try `rustc --explain E0405`.
[INFO] [stdout] 
[INFO] [stderr] error: build failed
[INFO] running `Command { std: "docker" "inspect" "d82044799bb80b85b48a14b5b772492e2ad631e208cf9df031ca37d5a28bcf36", kill_on_drop: false }`
[INFO] running `Command { std: "docker" "rm" "-f" "d82044799bb80b85b48a14b5b772492e2ad631e208cf9df031ca37d5a28bcf36", kill_on_drop: false }`
[INFO] [stdout] d82044799bb80b85b48a14b5b772492e2ad631e208cf9df031ca37d5a28bcf36
